{"id":1862,"date":"2026-02-20T11:43:55","date_gmt":"2026-02-20T11:43:55","guid":{"rendered":"https:\/\/new.csiktaplocaiplebania.ro\/?page_id=1862"},"modified":"2026-02-20T11:49:40","modified_gmt":"2026-02-20T11:49:40","slug":"lelkipasztoraink","status":"publish","type":"page","link":"https:\/\/new.csiktaplocaiplebania.ro\/index.php\/lelkipasztoraink\/","title":{"rendered":"Lelkip\u00e1sztoraink"},"content":{"rendered":"\n<p><strong>Czik\u00f3 L\u00e1szl\u00f3 id. \u2013 pl\u00e9b\u00e1nos<\/strong><\/p>\n\n\n<div class=\"wp-block-image is-style-default\">\n<figure class=\"alignleft size-full\"><img loading=\"lazy\" decoding=\"async\" width=\"300\" height=\"387\" src=\"https:\/\/new.csiktaplocaiplebania.ro\/wp-content\/uploads\/2026\/02\/Cziko-Laszlo-id-03_resize.jpg\" alt=\"\" class=\"wp-image-1884\" srcset=\"https:\/\/new.csiktaplocaiplebania.ro\/wp-content\/uploads\/2026\/02\/Cziko-Laszlo-id-03_resize.jpg 300w, https:\/\/new.csiktaplocaiplebania.ro\/wp-content\/uploads\/2026\/02\/Cziko-Laszlo-id-03_resize-233x300.jpg 233w\" sizes=\"auto, (max-width: 300px) 100vw, 300px\" \/><\/figure>\n<\/div>\n\n\n<p><\/p>\n\n\n\n<p><strong>Sz\u00fclet\u00e9s helye \u00e9s ideje:<\/strong>&nbsp;Cs\u00edkszentgy\u00f6rgy, 1961.05.16<br><strong>Papszentel\u00e9s helye:<\/strong>&nbsp;Gyulafeh\u00e9rv\u00e1r, 1987.06.21<br><strong>Teol\u00f3giai tanulm\u00e1nyok:<\/strong>&nbsp;1981-1987, SIS<br><strong>El\u00e9rhet\u0151s\u00e9g<\/strong><br><strong>E-mail c\u00edm:<\/strong>&nbsp;laszlo.cziko@gmail.com<br><strong>Mobil:<\/strong>&nbsp;0722-864.332<br><strong>Egy\u00e9b tev\u00e9kenys\u00e9gek:&nbsp;<\/strong>Marosv\u00e1s\u00e1rhelyt, Cs\u00edkszered\u00e1ban \u00e9s Sz\u00e9kelyudvarhelyen erk\u00f6lcstant adott el\u0151<\/p>\n\n\n\n<p><\/p>\n\n\n\n<p><\/p>\n\n\n\n<p><\/p>\n","protected":false},"excerpt":{"rendered":"<p>Czik\u00f3 L\u00e1szl\u00f3 id. \u2013 pl\u00e9b\u00e1nos Sz\u00fclet\u00e9s helye \u00e9s ideje:&nbsp;Cs\u00edkszentgy\u00f6rgy, 1961.05.16Papszentel\u00e9s helye:&nbsp;Gyulafeh\u00e9rv\u00e1r, 1987.06.21Teol\u00f3giai tanulm\u00e1nyok:&nbsp;1981-1987, SISEl\u00e9rhet\u0151s\u00e9gE-mail c\u00edm:&nbsp;laszlo.cziko@gmail.comMobil:&nbsp;0722-864.332Egy\u00e9b tev\u00e9kenys\u00e9gek:&nbsp;Marosv\u00e1s\u00e1rhelyt, Cs\u00edkszered\u00e1ban \u00e9s Sz\u00e9kelyudvarhelyen erk\u00f6lcstant [&hellip;]<\/p>\n","protected":false},"author":1,"featured_media":0,"parent":0,"menu_order":0,"comment_status":"closed","ping_status":"closed","template":"","meta":{"footnotes":""},"class_list":["post-1862","page","type-page","status-publish","hentry"],"_links":{"self":[{"href":"https:\/\/new.csiktaplocaiplebania.ro\/index.php\/wp-json\/wp\/v2\/pages\/1862","targetHints":{"allow":["GET"]}}],"collection":[{"href":"https:\/\/new.csiktaplocaiplebania.ro\/index.php\/wp-json\/wp\/v2\/pages"}],"about":[{"href":"https:\/\/new.csiktaplocaiplebania.ro\/index.php\/wp-json\/wp\/v2\/types\/page"}],"author":[{"embeddable":true,"href":"https:\/\/new.csiktaplocaiplebania.ro\/index.php\/wp-json\/wp\/v2\/users\/1"}],"replies":[{"embeddable":true,"href":"https:\/\/new.csiktaplocaiplebania.ro\/index.php\/wp-json\/wp\/v2\/comments?post=1862"}],"version-history":[{"count":2,"href":"https:\/\/new.csiktaplocaiplebania.ro\/index.php\/wp-json\/wp\/v2\/pages\/1862\/revisions"}],"predecessor-version":[{"id":1886,"href":"https:\/\/new.csiktaplocaiplebania.ro\/index.php\/wp-json\/wp\/v2\/pages\/1862\/revisions\/1886"}],"wp:attachment":[{"href":"https:\/\/new.csiktaplocaiplebania.ro\/index.php\/wp-json\/wp\/v2\/media?parent=1862"}],"curies":[{"name":"wp","href":"https:\/\/api.w.org\/{rel}","templated":true}]}}